{"id":1087,"date":"2022-08-27T19:48:57","date_gmt":"2022-08-27T19:48:57","guid":{"rendered":"https:\/\/combat-ignifug.ro\/?page_id=1087"},"modified":"2022-08-27T19:48:57","modified_gmt":"2022-08-27T19:48:57","slug":"informatii-livrare","status":"publish","type":"page","link":"https:\/\/combat-ignifug.ro\/?page_id=1087","title":{"rendered":"Informatii livrare"},"content":{"rendered":"<h1 style=\"font-weight: 400;\">Informatii livrare<\/h1>\n<p style=\"font-weight: 400;\">Costul transportului c\u0103tre adresa men\u0163ionat\u0103 de catre client este suportat integral de c\u0103tre IGNIROM SRL pe intreg teritoriul Romaniei,<\/p>\n<p style=\"font-weight: 400;\">Efectuam livrari prin:<\/p>\n<p style=\"font-weight: 400;\"><strong style=\"font-weight: 400;\">DPD Curier, SAMEDAY CURIER SI DRAGON STAR CURIER<\/strong><\/p>\n<p style=\"font-weight: 400;\">Vom livra produsele comandate prin curier rapid, \u00een termenele afi\u0219ate, \u00een func\u0163ie de produsele alese.\u00a0 In cazul produselor care nu se afl\u0103 \u00een stoc \u0219i pentru care se pl\u0103te\u0219te integral contravaloarea acestora in avans, termenul de livrare se va comunica ulterior. \u00cen cazul \u00een care pe comanda dvs. sunt produse cu termene diferite de livrare, se va lua \u00een considerare cel mai mare dintre aceste termene.<\/p>\n<p style=\"font-weight: 400;\"><strong style=\"font-weight: 400;\"><u>Receptia produselor livrate prin curier:<\/u><\/strong><\/p>\n<h3 style=\"font-weight: 400;\"><strong style=\"font-weight: 400;\">Va rugam nu receptionati produsele\u00a0care prezinta urme clare de lovituri sau orice alte pagube cauzate de o manipulare defectuoasa.<\/strong><\/h3>\n<h3 style=\"font-weight: 400;\">IGNIROM SRL nu raspunde pentru deteriorarea produselor dupa ce acestea au fost livrate si receptionate in stare buna de catre client .<\/h3>\n","protected":false},"excerpt":{"rendered":"<p>Informatii livrare Costul transportului c\u0103tre adresa men\u0163ionat\u0103 de catre client este suportat integral de c\u0103tre IGNIROM SRL pe intreg teritoriul Romaniei, Efectuam livrari prin: DPD Curier, SAMEDAY CURIER SI DRAGON STAR CURIER Vom livra produsele comandate prin curier rapid, \u00een termenele afi\u0219ate, \u00een func\u0163ie de produsele alese.\u00a0 In cazul produselor care nu se afl\u0103 \u00een [&hellip;]<\/p>\n","protected":false},"author":1,"featured_media":0,"parent":0,"menu_order":0,"comment_status":"closed","ping_status":"closed","template":"100-width.php","meta":{"footnotes":""},"class_list":["post-1087","page","type-page","status-publish","hentry"],"yoast_head":"<!-- This site is optimized with the Yoast SEO plugin v23.8 - https:\/\/yoast.com\/wordpress\/plugins\/seo\/ -->\n<title>Informatii livrare - Solutie Ignifuga Combat Total Protect - IGNIROM SRL<\/title>\n<meta name=\"robots\" content=\"index, follow, max-snippet:-1, max-image-preview:large, max-video-preview:-1\" \/>\n<link rel=\"canonical\" href=\"https:\/\/combat-ignifug.ro\/?page_id=1087\" \/>\n<meta property=\"og:locale\" content=\"ro_RO\" \/>\n<meta property=\"og:type\" content=\"article\" \/>\n<meta property=\"og:title\" content=\"Informatii livrare - Solutie Ignifuga Combat Total Protect - IGNIROM SRL\" \/>\n<meta property=\"og:description\" content=\"Informatii livrare Costul transportului c\u0103tre adresa men\u0163ionat\u0103 de catre client este suportat integral de c\u0103tre IGNIROM SRL pe intreg teritoriul Romaniei, Efectuam livrari prin: DPD Curier, SAMEDAY CURIER SI DRAGON STAR CURIER Vom livra produsele comandate prin curier rapid, \u00een termenele afi\u0219ate, \u00een func\u0163ie de produsele alese.\u00a0 In cazul produselor care nu se afl\u0103 \u00een [&hellip;]\" \/>\n<meta property=\"og:url\" content=\"https:\/\/combat-ignifug.ro\/?page_id=1087\" \/>\n<meta property=\"og:site_name\" content=\"Solutie Ignifuga Combat Total Protect - IGNIROM SRL\" \/>\n<meta property=\"article:publisher\" content=\"https:\/\/www.facebook.com\/ignifugarelemn\/\" \/>\n<meta name=\"twitter:card\" content=\"summary_large_image\" \/>\n<meta name=\"twitter:label1\" content=\"Timp estimat pentru citire\" \/>\n\t<meta name=\"twitter:data1\" content=\"1 minut\" \/>\n<script type=\"application\/ld+json\" class=\"yoast-schema-graph\">{\"@context\":\"https:\/\/schema.org\",\"@graph\":[{\"@type\":\"WebPage\",\"@id\":\"https:\/\/combat-ignifug.ro\/?page_id=1087\",\"url\":\"https:\/\/combat-ignifug.ro\/?page_id=1087\",\"name\":\"Informatii livrare - Solutie Ignifuga Combat Total Protect - IGNIROM SRL\",\"isPartOf\":{\"@id\":\"https:\/\/combat-ignifug.ro\/#website\"},\"datePublished\":\"2022-08-27T19:48:57+00:00\",\"dateModified\":\"2022-08-27T19:48:57+00:00\",\"breadcrumb\":{\"@id\":\"https:\/\/combat-ignifug.ro\/?page_id=1087#breadcrumb\"},\"inLanguage\":\"ro-RO\",\"potentialAction\":[{\"@type\":\"ReadAction\",\"target\":[\"https:\/\/combat-ignifug.ro\/?page_id=1087\"]}]},{\"@type\":\"BreadcrumbList\",\"@id\":\"https:\/\/combat-ignifug.ro\/?page_id=1087#breadcrumb\",\"itemListElement\":[{\"@type\":\"ListItem\",\"position\":1,\"name\":\"Prima pagin\u0103\",\"item\":\"https:\/\/combat-ignifug.ro\/\"},{\"@type\":\"ListItem\",\"position\":2,\"name\":\"Informatii livrare\"}]},{\"@type\":\"WebSite\",\"@id\":\"https:\/\/combat-ignifug.ro\/#website\",\"url\":\"https:\/\/combat-ignifug.ro\/\",\"name\":\"Solutie Ignifuga Combat Total Protect - IGNIROM SRL\",\"description\":\"Producator solutie ignifuga B-s1; d0\",\"publisher\":{\"@id\":\"https:\/\/combat-ignifug.ro\/#organization\"},\"potentialAction\":[{\"@type\":\"SearchAction\",\"target\":{\"@type\":\"EntryPoint\",\"urlTemplate\":\"https:\/\/combat-ignifug.ro\/?s={search_term_string}\"},\"query-input\":{\"@type\":\"PropertyValueSpecification\",\"valueRequired\":true,\"valueName\":\"search_term_string\"}}],\"inLanguage\":\"ro-RO\"},{\"@type\":\"Organization\",\"@id\":\"https:\/\/combat-ignifug.ro\/#organization\",\"name\":\"Solutie Ignifuga lemn - Combat Total Protect\",\"url\":\"https:\/\/combat-ignifug.ro\/\",\"logo\":{\"@type\":\"ImageObject\",\"inLanguage\":\"ro-RO\",\"@id\":\"https:\/\/combat-ignifug.ro\/#\/schema\/logo\/image\/\",\"url\":\"https:\/\/combat-ignifug.ro\/wp-content\/uploads\/2022\/08\/800.png\",\"contentUrl\":\"https:\/\/combat-ignifug.ro\/wp-content\/uploads\/2022\/08\/800.png\",\"width\":3135,\"height\":1075,\"caption\":\"Solutie Ignifuga lemn - Combat Total Protect\"},\"image\":{\"@id\":\"https:\/\/combat-ignifug.ro\/#\/schema\/logo\/image\/\"},\"sameAs\":[\"https:\/\/www.facebook.com\/ignifugarelemn\/\",\"https:\/\/m.youtube.com\/c\/IgniromRo\",\"https:\/\/www.instagram.com\/ignirom.protectii.foc\/\"]}]}<\/script>\n<!-- \/ Yoast SEO plugin. -->","yoast_head_json":{"title":"Informatii livrare - Solutie Ignifuga Combat Total Protect - IGNIROM SRL","robots":{"index":"index","follow":"follow","max-snippet":"max-snippet:-1","max-image-preview":"max-image-preview:large","max-video-preview":"max-video-preview:-1"},"canonical":"https:\/\/combat-ignifug.ro\/?page_id=1087","og_locale":"ro_RO","og_type":"article","og_title":"Informatii livrare - Solutie Ignifuga Combat Total Protect - IGNIROM SRL","og_description":"Informatii livrare Costul transportului c\u0103tre adresa men\u0163ionat\u0103 de catre client este suportat integral de c\u0103tre IGNIROM SRL pe intreg teritoriul Romaniei, Efectuam livrari prin: DPD Curier, SAMEDAY CURIER SI DRAGON STAR CURIER Vom livra produsele comandate prin curier rapid, \u00een termenele afi\u0219ate, \u00een func\u0163ie de produsele alese.\u00a0 In cazul produselor care nu se afl\u0103 \u00een [&hellip;]","og_url":"https:\/\/combat-ignifug.ro\/?page_id=1087","og_site_name":"Solutie Ignifuga Combat Total Protect - IGNIROM SRL","article_publisher":"https:\/\/www.facebook.com\/ignifugarelemn\/","twitter_card":"summary_large_image","twitter_misc":{"Timp estimat pentru citire":"1 minut"},"schema":{"@context":"https:\/\/schema.org","@graph":[{"@type":"WebPage","@id":"https:\/\/combat-ignifug.ro\/?page_id=1087","url":"https:\/\/combat-ignifug.ro\/?page_id=1087","name":"Informatii livrare - Solutie Ignifuga Combat Total Protect - IGNIROM SRL","isPartOf":{"@id":"https:\/\/combat-ignifug.ro\/#website"},"datePublished":"2022-08-27T19:48:57+00:00","dateModified":"2022-08-27T19:48:57+00:00","breadcrumb":{"@id":"https:\/\/combat-ignifug.ro\/?page_id=1087#breadcrumb"},"inLanguage":"ro-RO","potentialAction":[{"@type":"ReadAction","target":["https:\/\/combat-ignifug.ro\/?page_id=1087"]}]},{"@type":"BreadcrumbList","@id":"https:\/\/combat-ignifug.ro\/?page_id=1087#breadcrumb","itemListElement":[{"@type":"ListItem","position":1,"name":"Prima pagin\u0103","item":"https:\/\/combat-ignifug.ro\/"},{"@type":"ListItem","position":2,"name":"Informatii livrare"}]},{"@type":"WebSite","@id":"https:\/\/combat-ignifug.ro\/#website","url":"https:\/\/combat-ignifug.ro\/","name":"Solutie Ignifuga Combat Total Protect - IGNIROM SRL","description":"Producator solutie ignifuga B-s1; d0","publisher":{"@id":"https:\/\/combat-ignifug.ro\/#organization"},"potentialAction":[{"@type":"SearchAction","target":{"@type":"EntryPoint","urlTemplate":"https:\/\/combat-ignifug.ro\/?s={search_term_string}"},"query-input":{"@type":"PropertyValueSpecification","valueRequired":true,"valueName":"search_term_string"}}],"inLanguage":"ro-RO"},{"@type":"Organization","@id":"https:\/\/combat-ignifug.ro\/#organization","name":"Solutie Ignifuga lemn - Combat Total Protect","url":"https:\/\/combat-ignifug.ro\/","logo":{"@type":"ImageObject","inLanguage":"ro-RO","@id":"https:\/\/combat-ignifug.ro\/#\/schema\/logo\/image\/","url":"https:\/\/combat-ignifug.ro\/wp-content\/uploads\/2022\/08\/800.png","contentUrl":"https:\/\/combat-ignifug.ro\/wp-content\/uploads\/2022\/08\/800.png","width":3135,"height":1075,"caption":"Solutie Ignifuga lemn - Combat Total Protect"},"image":{"@id":"https:\/\/combat-ignifug.ro\/#\/schema\/logo\/image\/"},"sameAs":["https:\/\/www.facebook.com\/ignifugarelemn\/","https:\/\/m.youtube.com\/c\/IgniromRo","https:\/\/www.instagram.com\/ignirom.protectii.foc\/"]}]}},"_links":{"self":[{"href":"https:\/\/combat-ignifug.ro\/index.php?rest_route=\/wp\/v2\/pages\/1087","targetHints":{"allow":["GET"]}}],"collection":[{"href":"https:\/\/combat-ignifug.ro\/index.php?rest_route=\/wp\/v2\/pages"}],"about":[{"href":"https:\/\/combat-ignifug.ro\/index.php?rest_route=\/wp\/v2\/types\/page"}],"author":[{"embeddable":true,"href":"https:\/\/combat-ignifug.ro\/index.php?rest_route=\/wp\/v2\/users\/1"}],"replies":[{"embeddable":true,"href":"https:\/\/combat-ignifug.ro\/index.php?rest_route=%2Fwp%2Fv2%2Fcomments&post=1087"}],"version-history":[{"count":1,"href":"https:\/\/combat-ignifug.ro\/index.php?rest_route=\/wp\/v2\/pages\/1087\/revisions"}],"predecessor-version":[{"id":1088,"href":"https:\/\/combat-ignifug.ro\/index.php?rest_route=\/wp\/v2\/pages\/1087\/revisions\/1088"}],"wp:attachment":[{"href":"https:\/\/combat-ignifug.ro\/index.php?rest_route=%2Fwp%2Fv2%2Fmedia&parent=1087"}],"curies":[{"name":"wp","href":"https:\/\/api.w.org\/{rel}","templated":true}]}}